{"id":7,"date":"2022-10-26T11:32:06","date_gmt":"2022-10-26T09:32:06","guid":{"rendered":"https:\/\/workeat.fr\/?page_id=7"},"modified":"2023-05-05T12:01:35","modified_gmt":"2023-05-05T10:01:35","slug":"a-propos-de","status":"publish","type":"page","link":"https:\/\/workeat.fr\/index.php\/a-propos-de\/","title":{"rendered":"\u00c0 propos de WorkEat"},"content":{"rendered":"\n<div class=\"wp-block-group alignwide\"><div class=\"wp-block-group__inner-container is-layout-constrained wp-block-group-is-layout-constrained\">\n<h2 class=\"wp-block-heading alignwide\">La soci\u00e9t\u00e9 WorkEat<\/h2>\n\n\n\n<p class=\"alignfull\">WorkEat a pour ambition de devenir le nouvel \u00ab <strong>Uber Eats de la r\u00e9servation<\/strong> \u00bb.<\/p>\n\n\n\n<p class=\"alignfull\">Cependant, nous ne souhaitons pas concurrencer les plateformes type Uber Eats, Deliveroo ou JustEat car nous ne proposons pas de livraisons. Notre but est de ramener le client en restaurant pour conserver le contact humain et surtout pour lui proposer la meilleure exp\u00e9rience possible.<\/p>\n\n\n\n<p class=\"alignwide\">Workeat est une start-up actuellement en cours de d\u00e9veloppement. Notre solution n&rsquo;est pas encore disponible. <\/p>\n\n\n\n<h2 class=\"wp-block-heading alignwide\">Nos \u00e9quipes<\/h2>\n\n\n\n<figure class=\"wp-block-image size-full\"><img decoding=\"async\" style=\"width:150px; height:150px; border-radius:75px; margin:auto; object-fit: cover;\" src=\"https:\/\/workeat.fr\/wp-content\/uploads\/2023\/05\/HD-BGE-23_03_30-6732-scaled-e1683280849143.jpg\" alt=\"\" class=\"wp-image-719\"><\/figure>\n\n\n\n<p class=\"has-text-align-center has-large-font-size\"><strong>Johann Bernard<\/strong>, fondateur de WorkEat. <\/p>\n\n\n\n<p class=\"alignfull\">D\u00e9veloppeur de formation, il est maintenant le responsable technique de toute la solution et essaie quotidiennement d&rsquo;am\u00e9liorer les sites web et applications mobiles.<\/p>\n\n\n\n<figure class=\"wp-block-image size-full\"><img decoding=\"async\" style=\"width:150px; height:150px; border-radius:75px; margin:auto; object-fit: cover;\" src=\"https:\/\/workeat.fr\/wp-content\/uploads\/2023\/02\/1517818407883.jpeg\" alt=\"\" class=\"wp-image-719\"><\/figure>\n\n\n\n<p class=\"has-text-align-center has-large-font-size\"><strong>Eva Tancman<\/strong>, Responsable de la communication. <\/p>\n\n\n\n<p class=\"alignfull\">Une community manager qui a pour objectif de construire et d\u00e9velopper notre communaut\u00e9 gr\u00e2ce aux r\u00e9seaux sociaux.<\/p>\n<\/div><\/div>\n","protected":false},"excerpt":{"rendered":"<p>La soci\u00e9t\u00e9 WorkEat WorkEat a pour ambition de devenir le nouvel \u00ab Uber Eats de la r\u00e9servation \u00bb. Cependant, nous ne souhaitons pas concurrencer les plateformes type Uber Eats, Deliveroo ou JustEat car nous ne proposons pas de livraisons. Notre but est de ramener le client en restaurant pour conserver le contact humain et surtout [&hellip;]<\/p>\n","protected":false},"author":1,"featured_media":0,"parent":0,"menu_order":0,"comment_status":"closed","ping_status":"closed","template":"","meta":{"inline_featured_image":false,"footnotes":""},"class_list":["post-7","page","type-page","status-publish","hentry"],"_links":{"self":[{"href":"https:\/\/workeat.fr\/index.php\/wp-json\/wp\/v2\/pages\/7","targetHints":{"allow":["GET"]}}],"collection":[{"href":"https:\/\/workeat.fr\/index.php\/wp-json\/wp\/v2\/pages"}],"about":[{"href":"https:\/\/workeat.fr\/index.php\/wp-json\/wp\/v2\/types\/page"}],"author":[{"embeddable":true,"href":"https:\/\/workeat.fr\/index.php\/wp-json\/wp\/v2\/users\/1"}],"replies":[{"embeddable":true,"href":"https:\/\/workeat.fr\/index.php\/wp-json\/wp\/v2\/comments?post=7"}],"version-history":[{"count":27,"href":"https:\/\/workeat.fr\/index.php\/wp-json\/wp\/v2\/pages\/7\/revisions"}],"predecessor-version":[{"id":830,"href":"https:\/\/workeat.fr\/index.php\/wp-json\/wp\/v2\/pages\/7\/revisions\/830"}],"wp:attachment":[{"href":"https:\/\/workeat.fr\/index.php\/wp-json\/wp\/v2\/media?parent=7"}],"curies":[{"name":"wp","href":"https:\/\/api.w.org\/{rel}","templated":true}]}}